{"id":23,"date":"2025-06-20T17:07:35","date_gmt":"2025-06-20T17:07:35","guid":{"rendered":"https:\/\/artbyar.com\/gondolatokkertje\/home\/"},"modified":"2025-06-29T13:38:33","modified_gmt":"2025-06-29T13:38:33","slug":"home","status":"publish","type":"page","link":"https:\/\/gondolatkert.com\/gkwp\/","title":{"rendered":"Kezd\u0151lap"},"content":{"rendered":"\n<p>Ez a gondolatok kertj\u00e9nek els\u0151 oldala. Itt indul minden elm\u00e9lked\u00e9s, minden cs\u00f6ndes sarjad\u00e1s.<\/p>\n\n\n\n<p>Az ember n\u00e9ha meg\u00e1ll. Nem a f\u00e1radts\u00e1g miatt, hanem mert a csend h\u00edvja. A csendb\u0151l n\u0151nek ki az igazi gondolatok.<\/p>\n\n\n\n<p>Ne siettess semmit. A kert sem kiab\u00e1l, m\u00e9gis vir\u00e1gba borul, ha elj\u00f6n az ideje.<\/p>\n\n\n\n<p><em>A legut\u00f3bbi bejegyz\u00e9sek<\/em><\/p>\n\n\n<ul class=\"wp-block-latest-posts__list wp-block-latest-posts\"><li><a class=\"wp-block-latest-posts__post-title\" href=\"https:\/\/gondolatkert.com\/gkwp\/2026\/02\/13\/a-galambetetesrol\/\">A galambetet\u00e9sr\u0151l<\/a><\/li>\n<li><a class=\"wp-block-latest-posts__post-title\" href=\"https:\/\/gondolatkert.com\/gkwp\/2025\/08\/15\/az-onbizalomhiany-veszelyerol\/\">Az \u00f6nbizalomhi\u00e1ny vesz\u00e9ly\u00e9r\u0151l<\/a><\/li>\n<li><a class=\"wp-block-latest-posts__post-title\" href=\"https:\/\/gondolatkert.com\/gkwp\/2025\/08\/15\/a-gorcsosen-akarasrol\/\">A g\u00f6rcs\u00f6sen akar\u00e1sr\u00f3l<\/a><\/li>\n<li><a class=\"wp-block-latest-posts__post-title\" href=\"https:\/\/gondolatkert.com\/gkwp\/2025\/06\/29\/amikor-azokat-bantjuk-akik-nem-erdemlik\/\">Amikor azokat b\u00e1ntjuk, akik nem \u00e9rdemlik<\/a><\/li>\n<li><a class=\"wp-block-latest-posts__post-title\" href=\"https:\/\/gondolatkert.com\/gkwp\/2025\/06\/23\/amitol-felsz-talan-sosem-jon-el\/\">Amit\u0151l f\u00e9lsz, tal\u00e1n sosem j\u00f6n el<\/a><\/li>\n<\/ul>\n\n\n<p><em>C\u00edmk\u00e9k<\/em><\/p>\n\n\n<p class=\"wp-block-tag-cloud\"><a href=\"https:\/\/gondolatkert.com\/gkwp\/tag\/ajto\/\" class=\"tag-cloud-link tag-link-108 tag-link-position-1\" style=\"font-size: 8pt;\" aria-label=\"ajt\u00f3 (1 elem)\">ajt\u00f3<\/a>\n<a href=\"https:\/\/gondolatkert.com\/gkwp\/tag\/baratsag-mint-noveny\/\" class=\"tag-cloud-link tag-link-94 tag-link-position-2\" style=\"font-size: 8pt;\" aria-label=\"bar\u00e1ts\u00e1g mint n\u00f6v\u00e9ny (1 elem)\">bar\u00e1ts\u00e1g mint n\u00f6v\u00e9ny<\/a>\n<a href=\"https:\/\/gondolatkert.com\/gkwp\/tag\/belso-beke\/\" class=\"tag-cloud-link tag-link-54 tag-link-position-3\" style=\"font-size: 16.4pt;\" aria-label=\"bels\u0151 b\u00e9ke (2 elem)\">bels\u0151 b\u00e9ke<\/a>\n<a href=\"https:\/\/gondolatkert.com\/gkwp\/tag\/belso-hang\/\" class=\"tag-cloud-link tag-link-119 tag-link-position-4\" style=\"font-size: 8pt;\" aria-label=\"bels\u0151 hang (1 elem)\">bels\u0151 hang<\/a>\n<a href=\"https:\/\/gondolatkert.com\/gkwp\/tag\/bizalom\/\" class=\"tag-cloud-link tag-link-113 tag-link-position-5\" style=\"font-size: 8pt;\" aria-label=\"bizalom (1 elem)\">bizalom<\/a>\n<a href=\"https:\/\/gondolatkert.com\/gkwp\/tag\/batorsag\/\" class=\"tag-cloud-link tag-link-112 tag-link-position-6\" style=\"font-size: 8pt;\" aria-label=\"b\u00e1tors\u00e1g (1 elem)\">b\u00e1tors\u00e1g<\/a>\n<a href=\"https:\/\/gondolatkert.com\/gkwp\/tag\/csendes-szakadas\/\" class=\"tag-cloud-link tag-link-105 tag-link-position-7\" style=\"font-size: 8pt;\" aria-label=\"csendes szakad\u00e1s (1 elem)\">csendes szakad\u00e1s<\/a>\n<a href=\"https:\/\/gondolatkert.com\/gkwp\/tag\/dontes\/\" class=\"tag-cloud-link tag-link-111 tag-link-position-8\" style=\"font-size: 8pt;\" aria-label=\"d\u00f6nt\u00e9s (1 elem)\">d\u00f6nt\u00e9s<\/a>\n<a href=\"https:\/\/gondolatkert.com\/gkwp\/tag\/egyoldalu-kapcsolat\/\" class=\"tag-cloud-link tag-link-93 tag-link-position-9\" style=\"font-size: 8pt;\" aria-label=\"egyoldal\u00fa kapcsolat (1 elem)\">egyoldal\u00fa kapcsolat<\/a>\n<a href=\"https:\/\/gondolatkert.com\/gkwp\/tag\/elengedes\/\" class=\"tag-cloud-link tag-link-114 tag-link-position-10\" style=\"font-size: 8pt;\" aria-label=\"elenged\u00e9s (1 elem)\">elenged\u00e9s<\/a>\n<a href=\"https:\/\/gondolatkert.com\/gkwp\/tag\/elhalvanyulo-emlekek\/\" class=\"tag-cloud-link tag-link-100 tag-link-position-11\" style=\"font-size: 8pt;\" aria-label=\"elhalv\u00e1nyul\u00f3 eml\u00e9kek (1 elem)\">elhalv\u00e1nyul\u00f3 eml\u00e9kek<\/a>\n<a href=\"https:\/\/gondolatkert.com\/gkwp\/tag\/elmulas\/\" class=\"tag-cloud-link tag-link-21 tag-link-position-12\" style=\"font-size: 16.4pt;\" aria-label=\"elm\u00fal\u00e1s (2 elem)\">elm\u00fal\u00e1s<\/a>\n<a href=\"https:\/\/gondolatkert.com\/gkwp\/tag\/elmulo-baratsag\/\" class=\"tag-cloud-link tag-link-91 tag-link-position-13\" style=\"font-size: 8pt;\" aria-label=\"elm\u00fal\u00f3 bar\u00e1ts\u00e1g (1 elem)\">elm\u00fal\u00f3 bar\u00e1ts\u00e1g<\/a>\n<a href=\"https:\/\/gondolatkert.com\/gkwp\/tag\/el-nem-hangzott-bucsu\/\" class=\"tag-cloud-link tag-link-102 tag-link-position-14\" style=\"font-size: 8pt;\" aria-label=\"el nem hangzott b\u00facs\u00fa (1 elem)\">el nem hangzott b\u00facs\u00fa<\/a>\n<a href=\"https:\/\/gondolatkert.com\/gkwp\/tag\/emberi-kapcsolatok\/\" class=\"tag-cloud-link tag-link-99 tag-link-position-15\" style=\"font-size: 16.4pt;\" aria-label=\"emberi kapcsolatok (2 elem)\">emberi kapcsolatok<\/a>\n<a href=\"https:\/\/gondolatkert.com\/gkwp\/tag\/figyelem\/\" class=\"tag-cloud-link tag-link-8 tag-link-position-16\" style=\"font-size: 22pt;\" aria-label=\"figyelem (3 elem)\">figyelem<\/a>\n<a href=\"https:\/\/gondolatkert.com\/gkwp\/tag\/figyelem-hianya\/\" class=\"tag-cloud-link tag-link-96 tag-link-position-17\" style=\"font-size: 8pt;\" aria-label=\"figyelem hi\u00e1nya (1 elem)\">figyelem hi\u00e1nya<\/a>\n<a href=\"https:\/\/gondolatkert.com\/gkwp\/tag\/felelem\/\" class=\"tag-cloud-link tag-link-110 tag-link-position-18\" style=\"font-size: 8pt;\" aria-label=\"f\u00e9lelem (1 elem)\">f\u00e9lelem<\/a>\n<a href=\"https:\/\/gondolatkert.com\/gkwp\/tag\/jelenlet\/\" class=\"tag-cloud-link tag-link-84 tag-link-position-19\" style=\"font-size: 16.4pt;\" aria-label=\"jelenl\u00e9t (2 elem)\">jelenl\u00e9t<\/a>\n<a href=\"https:\/\/gondolatkert.com\/gkwp\/tag\/kapcsolati-dontesek\/\" class=\"tag-cloud-link tag-link-104 tag-link-position-20\" style=\"font-size: 8pt;\" aria-label=\"kapcsolati d\u00f6nt\u00e9sek (1 elem)\">kapcsolati d\u00f6nt\u00e9sek<\/a>\n<a href=\"https:\/\/gondolatkert.com\/gkwp\/tag\/kapcsolatok\/\" class=\"tag-cloud-link tag-link-90 tag-link-position-21\" style=\"font-size: 8pt;\" aria-label=\"kapcsolatok (1 elem)\">kapcsolatok<\/a>\n<a href=\"https:\/\/gondolatkert.com\/gkwp\/tag\/kapcsolatok-hanyatlasa\/\" class=\"tag-cloud-link tag-link-98 tag-link-position-22\" style=\"font-size: 8pt;\" aria-label=\"kapcsolatok hanyatl\u00e1sa (1 elem)\">kapcsolatok hanyatl\u00e1sa<\/a>\n<a href=\"https:\/\/gondolatkert.com\/gkwp\/tag\/kerdes\/\" class=\"tag-cloud-link tag-link-107 tag-link-position-23\" style=\"font-size: 8pt;\" aria-label=\"k\u00e9rd\u00e9s (1 elem)\">k\u00e9rd\u00e9s<\/a>\n<a href=\"https:\/\/gondolatkert.com\/gkwp\/tag\/kerdesek\/\" class=\"tag-cloud-link tag-link-106 tag-link-position-24\" style=\"font-size: 8pt;\" aria-label=\"k\u00e9rd\u00e9sek (1 elem)\">k\u00e9rd\u00e9sek<\/a>\n<a href=\"https:\/\/gondolatkert.com\/gkwp\/tag\/kivancsisag\/\" class=\"tag-cloud-link tag-link-109 tag-link-position-25\" style=\"font-size: 8pt;\" aria-label=\"k\u00edv\u00e1ncsis\u00e1g (1 elem)\">k\u00edv\u00e1ncsis\u00e1g<\/a>\n<a href=\"https:\/\/gondolatkert.com\/gkwp\/tag\/kotodes\/\" class=\"tag-cloud-link tag-link-89 tag-link-position-26\" style=\"font-size: 8pt;\" aria-label=\"k\u00f6t\u0151d\u00e9s (1 elem)\">k\u00f6t\u0151d\u00e9s<\/a>\n<a href=\"https:\/\/gondolatkert.com\/gkwp\/tag\/kozony\/\" class=\"tag-cloud-link tag-link-88 tag-link-position-27\" style=\"font-size: 8pt;\" aria-label=\"k\u00f6z\u00f6ny (1 elem)\">k\u00f6z\u00f6ny<\/a>\n<a href=\"https:\/\/gondolatkert.com\/gkwp\/tag\/lassu-eltavolodas\/\" class=\"tag-cloud-link tag-link-103 tag-link-position-28\" style=\"font-size: 8pt;\" aria-label=\"lass\u00fa elt\u00e1volod\u00e1s (1 elem)\">lass\u00fa elt\u00e1volod\u00e1s<\/a>\n<a href=\"https:\/\/gondolatkert.com\/gkwp\/tag\/lelki-elhidegules\/\" class=\"tag-cloud-link tag-link-92 tag-link-position-29\" style=\"font-size: 8pt;\" aria-label=\"lelki elhideg\u00fcl\u00e9s (1 elem)\">lelki elhideg\u00fcl\u00e9s<\/a>\n<a href=\"https:\/\/gondolatkert.com\/gkwp\/tag\/megkuzdes\/\" class=\"tag-cloud-link tag-link-115 tag-link-position-30\" style=\"font-size: 8pt;\" aria-label=\"megk\u00fczd\u00e9s (1 elem)\">megk\u00fczd\u00e9s<\/a>\n<a href=\"https:\/\/gondolatkert.com\/gkwp\/tag\/multbeli-ismerosok\/\" class=\"tag-cloud-link tag-link-101 tag-link-position-31\" style=\"font-size: 8pt;\" aria-label=\"m\u00faltbeli ismer\u0151s\u00f6k (1 elem)\">m\u00faltbeli ismer\u0151s\u00f6k<\/a>\n<a href=\"https:\/\/gondolatkert.com\/gkwp\/tag\/mult-terhe\/\" class=\"tag-cloud-link tag-link-118 tag-link-position-32\" style=\"font-size: 8pt;\" aria-label=\"m\u00falt terhe (1 elem)\">m\u00falt terhe<\/a>\n<a href=\"https:\/\/gondolatkert.com\/gkwp\/tag\/novekedes\/\" class=\"tag-cloud-link tag-link-123 tag-link-position-33\" style=\"font-size: 8pt;\" aria-label=\"n\u00f6veked\u00e9s (1 elem)\">n\u00f6veked\u00e9s<\/a>\n<a href=\"https:\/\/gondolatkert.com\/gkwp\/tag\/otthon\/\" class=\"tag-cloud-link tag-link-18 tag-link-position-34\" style=\"font-size: 16.4pt;\" aria-label=\"otthon (2 elem)\">otthon<\/a>\n<a href=\"https:\/\/gondolatkert.com\/gkwp\/tag\/remeny\/\" class=\"tag-cloud-link tag-link-36 tag-link-position-35\" style=\"font-size: 16.4pt;\" aria-label=\"rem\u00e9ny (2 elem)\">rem\u00e9ny<\/a>\n<a href=\"https:\/\/gondolatkert.com\/gkwp\/tag\/szabadsag\/\" class=\"tag-cloud-link tag-link-81 tag-link-position-36\" style=\"font-size: 16.4pt;\" aria-label=\"szabads\u00e1g (2 elem)\">szabads\u00e1g<\/a>\n<a href=\"https:\/\/gondolatkert.com\/gkwp\/tag\/szeretet\/\" class=\"tag-cloud-link tag-link-9 tag-link-position-37\" style=\"font-size: 16.4pt;\" aria-label=\"szeretet (2 elem)\">szeretet<\/a>\n<a href=\"https:\/\/gondolatkert.com\/gkwp\/tag\/szorongas\/\" class=\"tag-cloud-link tag-link-116 tag-link-position-38\" style=\"font-size: 8pt;\" aria-label=\"szorong\u00e1s (1 elem)\">szorong\u00e1s<\/a>\n<a href=\"https:\/\/gondolatkert.com\/gkwp\/tag\/torodes\/\" class=\"tag-cloud-link tag-link-95 tag-link-position-39\" style=\"font-size: 8pt;\" aria-label=\"t\u00f6r\u0151d\u00e9s (1 elem)\">t\u00f6r\u0151d\u00e9s<\/a>\n<a href=\"https:\/\/gondolatkert.com\/gkwp\/tag\/valtozas\/\" class=\"tag-cloud-link tag-link-19 tag-link-position-40\" style=\"font-size: 16.4pt;\" aria-label=\"v\u00e1ltoz\u00e1s (2 elem)\">v\u00e1ltoz\u00e1s<\/a>\n<a href=\"https:\/\/gondolatkert.com\/gkwp\/tag\/erzelmi-elhanyagolas\/\" class=\"tag-cloud-link tag-link-97 tag-link-position-41\" style=\"font-size: 8pt;\" aria-label=\"\u00e9rzelmi elhanyagol\u00e1s (1 elem)\">\u00e9rzelmi elhanyagol\u00e1s<\/a>\n<a href=\"https:\/\/gondolatkert.com\/gkwp\/tag\/onismeret\/\" class=\"tag-cloud-link tag-link-32 tag-link-position-42\" style=\"font-size: 16.4pt;\" aria-label=\"\u00f6nismeret (2 elem)\">\u00f6nismeret<\/a>\n<a href=\"https:\/\/gondolatkert.com\/gkwp\/tag\/onkorlatozas\/\" class=\"tag-cloud-link tag-link-117 tag-link-position-43\" style=\"font-size: 8pt;\" aria-label=\"\u00f6nkorl\u00e1toz\u00e1s (1 elem)\">\u00f6nkorl\u00e1toz\u00e1s<\/a>\n<a href=\"https:\/\/gondolatkert.com\/gkwp\/tag\/onreflexio\/\" class=\"tag-cloud-link tag-link-135 tag-link-position-44\" style=\"font-size: 16.4pt;\" aria-label=\"\u00f6nreflexi\u00f3 (2 elem)\">\u00f6nreflexi\u00f3<\/a>\n<a href=\"https:\/\/gondolatkert.com\/gkwp\/tag\/ujrakezdes\/\" class=\"tag-cloud-link tag-link-14 tag-link-position-45\" style=\"font-size: 16.4pt;\" aria-label=\"\u00fajrakezd\u00e9s (2 elem)\">\u00fajrakezd\u00e9s<\/a><\/p>","protected":false},"excerpt":{"rendered":"<p>Ez a gondolatok kertj\u00e9nek els\u0151 oldala. Itt indul minden elm\u00e9lked\u00e9s, minden cs\u00f6ndes sarjad\u00e1s. Az ember n\u00e9ha meg\u00e1ll. Nem a f\u00e1radts\u00e1g miatt, hanem mert a csend h\u00edvja. A csendb\u0151l n\u0151nek ki az igazi gondolatok. Ne siettess semmit. A kert sem kiab\u00e1l, m\u00e9gis vir\u00e1gba borul, ha elj\u00f6n az ideje. A legut\u00f3bbi bejegyz\u00e9sek C\u00edmk\u00e9k<\/p>\n","protected":false},"author":1,"featured_media":0,"parent":0,"menu_order":0,"comment_status":"closed","ping_status":"closed","template":"","meta":{"footnotes":""},"class_list":["post-23","page","type-page","status-publish","hentry"],"_links":{"self":[{"href":"https:\/\/gondolatkert.com\/gkwp\/wp-json\/wp\/v2\/pages\/23","targetHints":{"allow":["GET"]}}],"collection":[{"href":"https:\/\/gondolatkert.com\/gkwp\/wp-json\/wp\/v2\/pages"}],"about":[{"href":"https:\/\/gondolatkert.com\/gkwp\/wp-json\/wp\/v2\/types\/page"}],"author":[{"embeddable":true,"href":"https:\/\/gondolatkert.com\/gkwp\/wp-json\/wp\/v2\/users\/1"}],"replies":[{"embeddable":true,"href":"https:\/\/gondolatkert.com\/gkwp\/wp-json\/wp\/v2\/comments?post=23"}],"version-history":[{"count":7,"href":"https:\/\/gondolatkert.com\/gkwp\/wp-json\/wp\/v2\/pages\/23\/revisions"}],"predecessor-version":[{"id":118,"href":"https:\/\/gondolatkert.com\/gkwp\/wp-json\/wp\/v2\/pages\/23\/revisions\/118"}],"wp:attachment":[{"href":"https:\/\/gondolatkert.com\/gkwp\/wp-json\/wp\/v2\/media?parent=23"}],"curies":[{"name":"wp","href":"https:\/\/api.w.org\/{rel}","templated":true}]}}